3*v + 37. Let p be i(15). What is the remainder when 103 is divided by g*(14/4)/p?
25
Let c be (6 - 27/12) + 1/4. Suppose -30 = 2*t + t. What is the remainder when 22 is divided by c/(-4)*-2 - t?
10
Let h = -8 - 0. Calculate the remainder when 34*1 + 0/h is divided by 9.
7
Let l = 524 + -284. Suppose 5*y - 4*r = 439 - 30, 3*r - l = -3*y. What is the remainder when y is divided by 14?
11
Let t(k) = k + 24. Let l(g) be the second derivative of -5*g**3/6 - 4*g**2 + g. Calculate the remainder when l(-8) is divided by t(-15).
5
Suppose -9*s + 3 = -6*s. Let o(v) = -v**2 + 1. Let z be o(s). Suppose 0 = -3*j + 3*y + 48, z*y - 6 = 3*y. Calculate the remainder when j is divided by 5.
4
Suppose -5*y + 30 = d, -3*y - 6 = -d - 2*y. What is the remainder when 143 is divided by d?
3
Let w = -62 + 71. Calculate the remainder when 98 is divided by w.
8
Suppose -2 = -3*b + 34. Suppose -2*f = -4*f. Suppose f = 2*x - 34 - 10. What is the remainder when x is divided by b?
10
Suppose -5*n - 3*w + 739 = -n, 4*n + 4*w = 736. Calculate the remainder when n is divided by 2.
1
Let w(i) = -3 + 2*i + 3 + 2 - i. What is the remainder when 155 is divided by w(11)?
12
Let f = 363 + -328. What is the remainder when 55 is divided by f?
20
Suppose -k = 4*y - 9, 18 = 2*k + 7*y - 3*y. Calculate the remainder when 646 is divided by k.
7
Suppose -3*j + 74 = 2*t, -3*j - 60 + 14 = -t. What is the remainder when (740/t)/((-2)/(-4)) is divided by 20?
17
Calculate the remainder when 74 is divided by 14 + 12*10/(-30).
4
Suppose -9 = 3*n, 4*u + 8*n - 55 = 5*n. Suppose 148 = 2*m - 38. What is the remainder when m is divided by u?
13
Suppose -4*a + 26 = -7*v + 9*v, 2*a - 4 = 2*v. Suppose z = 4*z - 2*c - 32, 12 = v*z + 3*c. What is the remainder when 53 is divided by z?
5
Let z = 69 - 47. Suppose -9*j + 4*x = -13*j + 336, x = -1. Calculate the remainder when j is divided by z.
19
Let t(z) = z**3 + z**2 - 9*z + 2. What is the remainder when 54 is divided by t(-3)?
10
Let j(c) = -c**2 - 49*c - 560. What is the remainder when 348 is divided by j(-19)?
8
Let s = 511 - 332. Calculate the remainder when s is divided by 3.
2
What is the remainder when 44*-1*8*(-18)/24 is divided by 54?
48
Suppose 6*o + 84 = 8*o. Let l = o - 33. Calculate the remainder when 13 is divided by l.
4
Let q(i) = -i + 17. Let w be q(6). Suppose -3*y + 89 = 5*u, w + 63 = 5*u - 2*y. Calculate the remainder when 45 is divided by u.
13
Suppose 9*t = 36 - 0. Suppose 0*o - t*o = -320. Calculate the remainder when o is divided by 21.
17
Let k = 24 + -15. Let o be (-2)/8*(5 + -1)*-107. Suppose 4*m + 2*t + 3*t = 130, o = 3*m - t. Calculate the remainder when m is divided by k.
8
What is the remainder when 43 is divided by ((-330)/198)/(2/(-6))?
3
Suppose n = 5, -2*h - 5*n + 25 = -12. What is the remainder when 146 is divided by h?
2
Suppose 6 + 2 = 4*f. Suppose 106 = -f*r + 4*r + 4*u, -5*r - 3*u = -251. Let o = 84 - r. Calculate the remainder when o is divided by 12.
11
Let y(w) = 4*w + 31. Let g be y(-5). Suppose -560 = -g*b + 320. Calculate the remainder when b is divided by 28.
24
Suppose 9*f - 2*f = 14. Suppose -4*j + f*y + 0*y + 48 = 0, -j + 18 = y. Calculate the remainder when 54 is divided by j.
12
Suppose w - 19 = -0*w. Suppose 67 = -d + w. Calculate the remainder when 37 is divided by d/(-60) + 92/10.
7
Suppose 2*u + 596 = 2*w, -5*w + 1351 + 144 = -4*u. What is the remainder when w is divided by 10?
3
Let x(a) = a**2 - 9*a + 32. What is the remainder when 68 is divided by x(7)?
14
Let d(n) = 7*n**2 + 46*n + 18. Calculate the remainder when 48 is divided by d(-7).
9
Let i(p) = -p**2 - p - 12. Let l be i(3). Let c = l - -61. What is the remainder when c is divided by 10?
7
What is the remainder when 119 is divided by 1*41 + (0/(-9))/(-6)?
37
Let y = 13 - 8. Suppose 89 = y*t - 41. Let o = t + -12. Calculate the remainder when 25 is divided by o.
11
Let v(y) = y**2 + 12*y - 18. Let k be v(-11). Let r = 54 + k. Calculate the remainder when 123 is divided by r.
23
Let j(r) be the second derivative of r**3/6 + 10*r**2 - 5*r. Calculate the remainder when 18 is divided by j(-13).
4
Let a(o) = -o**3 - 14*o**2 + 10*o - 24. What is the remainder when a(-15) is divided by 18?
15
Let d(j) = -19*j**2 + 6 + 5 + 3*j**3 - 6 - 2*j**3. Let g be d(19). Suppose 2*r + 3*z + z = 110, -g*r + 260 = 5*z. What is the remainder when r is divided by 13?
10
Let t = -70 + 89. Calculate the remainder when t is divided by 17.
2
Let b(g) = 8*g - 10*g + 3*g - 2. Let v be b(-5). Let p = 18 + v. What is the remainder when 41 is divided by p?
8
Suppose -4*d = q - 283, 4*d + 4*q - 285 - 7 = 0. What is the remainder when d is divided by 18?
16
Suppose 4*f = 2*r + 2, -3*r + 0*f - 10 = f. Let a(g) be the second derivative of -g**3/6 - 9*g - 1. Calculate the remainder when 8 is divided by a(r).
2
Calculate the remainder when 31425/35 + (-4)/(-28) is divided by 20.
18
Suppose 2*s - 25 = -5*k, 17 = s + 5*k - 8. Suppose s = 5*q - 5 - 60. Calculate the remainder when q is divided by 2.
1
Let d = -6 - -12. Calculate the remainder when 105 is divided by d.
3
Suppose -3 - 6 = -3*j. Suppose -n + 148 = j*n. What is the remainder when 147 is divided by n?
36
Let i(a) = 9*a + 165. Suppose 5*k = -5*h - 290, k + 23 = -5*h - 39. Let p = -23 - k. Calculate the remainder when p is divided by i(-17).
10
Suppose 48*r = 43*r + 5*d + 805, -2*d = -5*r + 793. Calculate the remainder when r is divided by 50.
7
Let s be ((8 - 9) + -43 + 1)/(-1). Let v = s - 35. What is the remainder when 14 is divided by v?
6
Let b = -1 - 1. Calculate the remainder when 58 is divided by 2/((-1)/(-4 + b)).
10
Calculate the remainder when (-1 - 10/5 - -1)*-79 is divided by 27.
23
Let j(f) be the first derivative of f**4/4 + 11*f**3/3 - 5*f**2 - 19*f + 6. What is the remainder when j(-11) is divided by 19?
15
Suppose -284 = -4*s - 2*b, -4*s - 4*b + b + 288 = 0. Calculate the remainder when 192 is divided by s.
54
Let c be 2*(1 + -2 + 2). Let y(k) = -6*k. Calculate the remainder when y(-1) is divided by (-264)/(-154) - c/(-7).
0
Let n be 0 - 4*1/(-1). Suppose 5*d = n + 256. Calculate the remainder when d is divided by 14.
10
Let n = 212 - 209. Let w(m) = -9*m + 3. Let q(p) = -28*p + 10. Let o(s) = 2*q(s) - 7*w(s). What is the remainder when 37 is divided by o(n)?
17
Let u = -7 - -12. Suppose u*y + 24 - 119 = 0. Suppose 2*t = -0*t + 2, y = 3*a + t. Calculate the remainder when a is divided by 2.
0
Let g(v) = 68*v - 25. What is the remainder when g(3) is divided by 26?
23
Let r(y) = -39*y - 63. Calculate the remainder when r(-3) is divided by 14.
12
Let z(l) = -l**3 - 21*l**2 - 25*l - 75. Calculate the remainder when z(-20) is divided by 17.
8
Let u be ((3 - 6)*-2)/2. Suppose 2*b + 2*m = -2*m + 24, u = m. Calculate the remainder when -6 + 96/3 + -3 is divided by b.
5
Let n = -84 - -93. Suppose 0 = 6*u + n - 117. What is the remainder when u is divided by 15?
3
Let k = -4 + 6. Suppose -2*g + 82 = -k*z, 3*g + 38 = 4*g - 2*z. Suppose -3*v + 34 = -g. Calculate the remainder when 48 is divided by v.
22
Let j = 948 + -644. What is the remainder when j is divided by 51?
49
Suppose -2*j = -10 - 32. Suppose -h + 5 = 2*p, -4 = -h - 3*p - 0. Let a(f) = -f**3 + 7*f**2 + f + 4. Calculate the remainder when j is divided by a(h).
10
Let c = -24 - -28. Suppose p = c*p + 9, -3*n + 207 = -5*p. Calculate the remainder when 147/8 - 24/n is divided by 7.
4
Suppose -q = -2*g + 3, -3*g + 10 = q + 3*q. Suppose 0 = 2*m + g*s - 20, 4*m + 16 - 84 = 3*s. What is the remainder when 26 is divided by m?
12
Suppose 0 = r + n - 2 - 8, 3*r + 2*n - 28 = 0. Let u be 4 - 36/(1 + 5). Let y = r + u. Calculate the remainder when 9 is divided by y.
3
What is the remainder when 4 + (-12)/4 - -416 is divided by 30?
27
Suppose 2*f - 4 = -0*f. What is the remainder when 9 - 6 - (-8 - -2) is divided by -1 + f - -5 - 1?
4
Suppose -13 = 4*i - 77. Let g = i - 13. Suppose -3*o + 4*y = -146, 6*o - o - 247 = g*y. Calculate the remainder when o is divided by 13.
11
Let m = 648 - 633. What is the remainder when 101 is divided by m?
11
Let d be ((-48)/(-9))/2*(-18)/(-12). What is the remainder when ((-10)/(-3))/(5/(630/d)) is divided by 14?
7
Let d(a) = 13*a**3 - a**2 - a + 1. What is the remainder when 45 + 7/((-14)/(-4)) is divided by d(1)?
11
Let y = 869 + 5